 - 85. Determine f(-74).
-11
Let f(l) = -l**3 + 143*l**2 - 1084*l + 562. Give f(135).
22
Let h(j) = -2*j**2 - 76*j + 414. What is h(-43)?
-16
Let f(t) = t**3 + 67*t**2 + 250*t - 99. Give f(-63).
27
Let s(h) = h**3 + 4*h**2 - 30*h + 78. Give s(-10).
-222
Let i(p) = 434*p - 4338. Calculate i(10).
2
Let g(c) = 7*c**3 + 35*c**2 - 26*c - 114. Calculate g(-5).
16
Let b(z) = 199*z - 4644. Give b(23).
-67
Let z(j) = -j**3 - 6*j**2 + 40*j + 35. What is z(-11)?
200
Let l(q) = 4*q**3 - 2*q**2 - 6*q + 36. What is l(4)?
236
Let n(g) = g**2 + 6*g + 2. Give n(-5).
-3
Let s(n) = 397*n + 681. Give s(0).
681
Let d(g) = -g**3 + 59*g**2 + 64*g - 240. What is d(60)?
0
Let t(w) = -654*w - 1956. Calculate t(-3).
6
Let a(b) = 21*b - 216. Give a(10).
-6
Let i(d) = -2*d**2 + 14*d + 104. Calculate i(-7).
-92
Let r(s) = -s**2 - 309*s + 3858. What is r(-321)?
6
Let r(o) = -999*o + 9016. Give r(9).
25
Let w(i) = 35*i**2 + 267*i - 18. Determine w(-8).
86
Let s(n) = n**3 + 9*n**2 + 3*n - 37. What is s(-8)?
3
Let v(o) = 3*o**2 - 105*o + 61. Determine v(34).
-41
Let d(k) = 65*k + 1640. What is d(-25)?
15
Let r(p) = -p**2 + 3445*p - 10329. Give r(3).
-3
Let t(u) = -u**2 + 7579*u - 136098. What is t(18)?
0
Let g(i) = -18*i - 139. What is g(-9)?
23
Let q(z) = -z**3 + 20*z**2 - 25*z - 187. Give q(18).
11
Let n(t) = -t**3 - 6*t**2 - 218*t + 737. Give n(3).
2
Let y(u) = 1284*u + 41083. Determine y(-32).
-5
Let f(h) = 2*h**2 + 136*h - 115. Determine f(-69).
23
Let c(d) = 70*d + 1056. Give c(-15).
6
Let l(h) = -37*h**2 - 56*h + 5. What is l(-3)?
-160
Let a(z) = 30*z**2 + 298*z - 13. Determine a(-10).
7
Let o(h) = 98*h + 105. Determine o(-2).
-91
Let q(t) = 2*t**3 + t**2 - 23*t - 26. Calculate q(-5).
-136
Let l(o) = 5*o**3 - 497*o**2 + 200*o - 198. Calculate l(99).
0
Let h(m) = 40*m**3 - 12*m**2 + 12*m - 3. What is h(1)?
37
Let d(x) = -x**3 + 21*x**2 + 51*x - 35. Calculate d(23).
80
Let i(v) = v**3 + 98*v**2 + 468*v + 277. What is i(-93)?
-2
Let f(v) = -5*v - 389. Calculate f(-26).
-259
Let t(q) = 24315*q + 218828. Determine t(-9).
-7
Let x(z) = -z**2 + 27*z + 1066. Determine x(-26).
-312
Let v(f) = 8577*f - 68612. Determine v(8).
4
Let a(u) = 49*u - 68. Give a(4).
128
Let s(k) = 11*k + 39. Give s(24).
303
Let t(b) = -b**3 + 194*b**2 - 583*b + 1895. Calculate t(191).
-15
Let y(u) = -3*u**3 + 3*u**2 + u - 9. Calculate y(3).
-60
Let n(q) = 351*q - 6653. What is n(19)?
16
Let j(u) = u**3 + 32*u**2 + 66*u + 42. What is j(-30)?
-138
Let f(d) = -d**3 - 8*d**2 - 25*d. Calculate f(-4).
36
Let i(r) = 30*r - 427. What is i(11)?
-97
Let f(g) = g**3 - 16*g**2 - 78*g - 67. Determine f(20).
-27
Let q(h) = -h**2 - 6*h + 340. What is q(-20)?
60
Let d(t) = t**2 + 7*t - 172. What is d(7)?
-74
Let v(d) = -3*d**3 + 48*d**2 + 53*d - 50. Give v(17).
-16
Let u(b) = 27*b**2 - 650*b + 56. What is u(24)?
8
Let o(b) = 2*b**2 + 22*b + 30. What is o(-10)?
10
Let u(m) = -2328*m + 3. Calculate u(0).
3
Let z(n) = 44*n - 67. Calculate z(-5).
-287
Let m(l) = -259*l + 3115. Give m(12).
7
Let f(v) = 87*v + 3398. Determine f(-39).
5
Let t(l) = 3*l**3 + 256*l**2 - 1952*l + 92. What is t(7)?
1
Let k(o) = -o**2 + 88*o - 92. What is k(1)?
-5
Let k(a) = -a**2 - 30*a - 121. Give k(-25).
4
Let q(d) = 8*d + 193. Determine q(-30).
-47
Let w(k) = k**2 + 767*k - 11736. Calculate w(15).
-6
Let p(j) = 244*j + 737. Calculate p(-3).
5
Let k(p) = -239*p - 3. Determine k(-1).
236
Let m(p) = 13*p + 166. Calculate m(-22).
-120
Let s(g) = g**2 + 51*g - 4584. What is s(-98)?
22
Let g(q) = q**3 - 12*q**2 + 85*q - 648. What is g(10)?
2
Let d(t) = 2*t**3 - 10*t**2 + 7*t + 16. Give d(5).
51
Let o(p) = -6*p**3 + 4*p + 4. Calculate o(-1).
6
Let b(d) = 10*d**2 + 600*d - 599. Calculate b(-61).
11
Let n(y) = y**2 - 18*y + 72. What is n(18)?
72
Let m(o) = -119*o**2 - 20*o - 3. Give m(1).
-142
Let a(j) = j**2 + 7*j - 9. What is a(-7)?
-9
Let c(z) = -14*z + 33. What is c(5)?
-37
Let u(q) = -2*q**2 + 106*q - 1271. Give u(34).
21
Let v(n) = n**3 - 15*n**2 + 29*n + 32. Determine v(12).
-52
Let v(j) = -j**3 - 22*j**2 - 20. Calculate v(-22).
-20
Let y(t) = 67*t**2 + 198*t - 7. What is y(-4)?
273
Let n(x) = 12*x**2 - 7*x - 17. Calculate n(-2).
45
Let g(s) = -s**3 + 37*s**2 - 35*s + 1305. What is g(37)?
10
Let r(x) = 28*x**2 + 258*x - 213. Give r(-10).
7
Let r(j) = -410*j - 6155. Determine r(-15).
-5
Let c(a) = 152*a + 2942. Determine c(-20).
-98
Let p(n) = -2*n**2 + 107*n + 309. Determine p(55).
144
Let a(u) = 730*u - 5853. What is a(8)?
-13
Let y(t) = 546*t - 54047. What is y(99)?
7
Let d(i) = -9*i**2 - 247*i - 111. What is d(-27)?
-3
Let g(n) = n**3 + 6*n**2 + 18*n + 105. Determine g(-6).
-3
Let q(m) = 32*m**3 + 40*m**2 + 33*m - 6. Calculate q(-1).
-31
Let q(r) = -7*r**2 + 315*r - 11. What is q(45)?
-11
Let q(k) = 663*k - 62947. What is q(95)?
38
Let r(u) = -u**2 + 72*u - 523. Give r(8).
-11
Let f(h) = -304*h + 7909. What is f(26)?
5
Let m(l) = 10*l**2 + 1094*l + 453. What is m(-109)?
17
Let t(a) = -131*a - 351. Calculate t(-3).
42
Let j(b) = 3*b**3 + 56*b**2 + 157*b - 537. Calculate j(-14).
9
Let n(c) = 22*c**3 + 3*c**2 - 5*c + 4. What is n(1)?
24
Let r(d) = 7*d**3 + 460*d**2 - 145*d - 853. Determine r(-66).
5
Let q(c) = -c**2 + 134*c + 5164. Give q(-31).
49
Let a(p) = -2*p**3 - 9*p**2 + 245*p + 1188. Determine a(-5).
-12
Let t(l) = 2*l**3 + 25*l**2 - 74*l + 1. What is t(-15)?
-14
Let v(p) = 349*p - 37702. Give v(108).
-10
Let n(h) = 316*h - 1568. Determine n(5).
12
Let s(q) = 130*q + 1686. Calculate s(-13).
-4
Let a(z) = -63*z**2 + 555*z + 111. What is a(9)?
3
Let k(c) = 323*c**3 + c**2 + 2*c - 3. Calculate k(1).
323
Let u(g) = g**3 - 51*g**2 - 99*g + 2437. Determine u(52).
-7
Let m(l) = -l**2 + 656*l - 2614. What is m(4)?
-6
Let t(s) = 9*s**2 + 19*s + 29. What is t(-3)?
53
Let s(r) = -49*r - 68. Calculate s(19).
-999
Let n(g) = -2*g**3 - 17*g**2 - 51*g - 327. Give n(-8).
17
Let t(j) = 8*j**3 + 35*j**2 + 67*j + 5. Determine t(-2).
-53
Let u(l) = 30*l**2 + l. Give u(-1).
29
Let q(t) = t**2 - 5*t - 15. Give q(5).
-15
Let d(x) = -28*x - 945. What is d(-34)?
7
Let h(u) = 16*u**2 + 694*u + 258. Give h(-43).
0
Let n(y) = -y**3 + 17*y**2 + 6*y + 216. Calculate n(18).
0
Let s(j) = 1035*j + 15514. What is s(-15)?
-11
Let r(n) = n**3 - n**2 - 61*n - 47. Calculate r(8).
-87
Let u(v) = -4*v**2 - 191*v - 1133. What is u(-41)?
-26
Let x(z) = 2*z**3 - 16*z**2 - 43*z + 5. Give x(-4).
-207
Let w(r) = r**3 - 40*r**2 + 146*r - 14. Determine w(4).
-6
Let w(o) = -o**2 + 782. Give w(-28).
-2
Let b(r) = r**2 - 12*r + 20. Calculate b(7).
-15
Let v(y) = 422*y - 2045. What is v(5)?
65
Let f(o) = -143*o - 409. What is f(-3)?
20
Let a(l) = 2*l**3 - 46*l**2 + 4*l - 44. Calculate a(23).
48
Let y(s) = -97*s + 8998. What is y(93)?
-23
Let o(z) = -562*z - 2241. What is o(-4)?
7
Let f(y) = y**3 + 37*y**2 - 148*y - 2777. Calculate f(-39).
-47
Let f(j) = 2*j**3 + 146*j**2 - 153*j - 368. What is f(-74)?
2
Let z(t) = 3*t**2 + 16*t - 104. Determine z(-11).
83
Let l(b) = b**3 - 49*b**2 - 457*b - 2. Determine l(-8).
6
Let j(u) = -u**2 + 115*u - 3264. What is j(52)?
12
Let i(g) = -12*g**3 + 3*g**2 + 18*g - 16. What is i(1)?
-7
Let g(b) = b**2 + b - 50. Give g(-7).
-8
Let o(a) = 14*a**3 - 26*a**2 + 8*a - 5. Determine o(3).
163
Let f(s) = s**3 + 31*s**2 - 25*s + 44. What is f(-32)?
-180
Let d(h) = -h**3 + 137*h**2 + 1456*h + 2064. Determine d(147).
6
Let z(q) = q**3 - 41*q**2 - q + 1. Give z(41).
-40
Let g(p) = p**3 - 7*p**2 - 17*p - 8. Give g(-6).
-374
Let y(x) = 2*x**3 + 13*x**2 - 16*x - 107. Calculate y(-7).
-44
Let x(f) = f**3 + 9*f**2 - 47*f + 6. Determine x(3).
-27
Let p(y) = 138*y + 17. Give p(-1).
-121
Let a(g) = -8129*g + 65045. What is a(8)?
13
Let b(m) = m**2 + 47*m + 240. Calculate b(-40).
-40
Let h(j) = -j**3 - 55*j**2 - 460*j - 52. Calculate h(-10).
48
Let b(z) = -9*z**2 - 113*z - 2. Calculate b(-15).
-332
Let f(a) = 638*a + 4466. Calculate f(-7).
0
Let q(g) = -10*g**2 + g + 20. What is q(-4)?
-144
Let k(t) = -2*t**3 - 27*t**2 - 16*t - 51. Give k(-13).
-12
Let j(s) = 174*s - 10964. Determine j(63).
-2
Let u(c) = c**2 - 201*c - 28904. Determine u(-97).
2
Let h(r) = r**2 - 101*r + 101. Give h(1).
1
Let p(b) = -2*b**2 - 17*b - 17. What is p(-11)?
-72
Let g(y) = 2*y**3 - 20*y**2 + 15*y - 145. Determine g(10).
5
Let u(n) = -3*n**2 + 15*n + 8. What is u(6)?
-10
Let l(p) = 3*p**2 - 19*p 